{"id":168,"date":"2018-01-22T07:57:59","date_gmt":"2018-01-22T07:57:59","guid":{"rendered":"http:\/\/judoclub-weilerswist.de\/?page_id=168"},"modified":"2026-04-26T16:41:02","modified_gmt":"2026-04-26T16:41:02","slug":"vorstand","status":"publish","type":"page","link":"https:\/\/www.judoclub-weilerswist.de\/?page_id=168","title":{"rendered":"Vorstand"},"content":{"rendered":"\n<p class=\"has-text-align-center\">Der Vorstand des Judoclub Weilerswist setzt sich nach der Mitgliederversammlung vom 23.02.2024 folgenderma\u00dfen zusammen:<\/p>\n\n\n\n<p class=\"has-text-align-center\"><strong>1. Vorsitzender:<\/strong> Michael Schl\u00f6\u00dfer<\/p>\n\n\n\n<p class=\"has-text-align-center\"><strong>2. Vorsitzender:<\/strong> Sebastian Kox<\/p>\n\n\n\n<p class=\"has-text-align-center\"><strong>Gesch\u00e4ftsf\u00fchrer:<\/strong> Sebastian Kox<\/p>\n\n\n\n<p class=\"has-text-align-center\"><strong>Kassenwart:<\/strong> Thomas Aust<\/p>\n\n\n\n<p class=\"has-text-align-center\"><strong>2. Kassenwartin:<\/strong> Sandra Maruszczyk<\/p>\n\n\n\n<p class=\"has-text-align-center\"><strong>Jugendwartin:<\/strong> Miguel Elsner<\/p>\n\n\n\n<p class=\"has-text-align-center\"><strong>Sportwart:<\/strong> Carina Schmitfranz<\/p>\n\n\n\n<p class=\"has-text-align-center\"><strong>Pressewart:<\/strong> Sandra Maruszczyk<\/p>\n\n\n\n<p class=\"has-text-align-center\">Ihr erreicht uns unter vorstand@judoclub-weilerswist.de<\/p>\n","protected":false},"excerpt":{"rendered":"<p>Der Vorstand des Judoclub Weilerswist setzt sich nach der Mitgliederversammlung vom 23.02.2024 folgenderma\u00dfen zusammen: 1. Vorsitzender: Michael Schl\u00f6\u00dfer 2. Vorsitzender:<\/p>\n","protected":false},"author":1,"featured_media":0,"parent":0,"menu_order":0,"comment_status":"closed","ping_status":"closed","template":"","meta":{"_mc_calendar":[],"footnotes":""},"class_list":["post-168","page","type-page","status-publish","hentry"],"_links":{"self":[{"href":"https:\/\/www.judoclub-weilerswist.de\/index.php?rest_route=\/wp\/v2\/pages\/168","targetHints":{"allow":["GET"]}}],"collection":[{"href":"https:\/\/www.judoclub-weilerswist.de\/index.php?rest_route=\/wp\/v2\/pages"}],"about":[{"href":"https:\/\/www.judoclub-weilerswist.de\/index.php?rest_route=\/wp\/v2\/types\/page"}],"author":[{"embeddable":true,"href":"https:\/\/www.judoclub-weilerswist.de\/index.php?rest_route=\/wp\/v2\/users\/1"}],"replies":[{"embeddable":true,"href":"https:\/\/www.judoclub-weilerswist.de\/index.php?rest_route=%2Fwp%2Fv2%2Fcomments&post=168"}],"version-history":[{"count":22,"href":"https:\/\/www.judoclub-weilerswist.de\/index.php?rest_route=\/wp\/v2\/pages\/168\/revisions"}],"predecessor-version":[{"id":912,"href":"https:\/\/www.judoclub-weilerswist.de\/index.php?rest_route=\/wp\/v2\/pages\/168\/revisions\/912"}],"wp:attachment":[{"href":"https:\/\/www.judoclub-weilerswist.de\/index.php?rest_route=%2Fwp%2Fv2%2Fmedia&parent=168"}],"curies":[{"name":"wp","href":"https:\/\/api.w.org\/{rel}","templated":true}]}}

<p class="has-text-align-center">Der Vorstand des Judoclub Weilerswist setzt sich nach der Mitgliederversammlung vom 23.02.2024 folgendermaßen zusammen:</p>



<p class="has-text-align-center"><strong>1. Vorsitzender:</strong> Michael Schlößer</p>



<p class="has-text-align-center"><strong>2. Vorsitzender:</strong> Sebastian Kox</p>



<p class="has-text-align-center"><strong>Geschäftsführer:</strong> Sebastian Kox</p>



<p class="has-text-align-center"><strong>Kassenwart:</strong> Thomas Aust</p>



<p class="has-text-align-center"><strong>2. Kassenwartin:</strong> Sandra Maruszczyk</p>



<p class="has-text-align-center"><strong>Jugendwartin:</strong> Miguel Elsner</p>



<p class="has-text-align-center"><strong>Sportwart:</strong> Carina Schmitfranz</p>



<p class="has-text-align-center"><strong>Pressewart:</strong> Sandra Maruszczyk</p>



<p class="has-text-align-center">Ihr erreicht uns unter vorstand@judoclub-weilerswist.de</p>

<p>Der Vorstand des Judoclub Weilerswist setzt sich nach der Mitgliederversammlung vom 23.02.2024 folgendermaßen zusammen: 1. Vorsitzender: Michael Schlößer 2. Vorsitzender:</p>
